. Calculate the highest common divisor of p and 16.
8
Let j be (-90)/1*(-468)/130. What is the highest common divisor of j and 36?
36
Suppose 25 + 7 = 2*t. Let n(y) be the third derivative of -y**4/24 - y**3/2 - 4*y**2. Let h be n(-7). Calculate the highest common factor of h and t.
4
Let b be (-2 - 0) + 3 + -1. Let r = -9 + 12. Suppose b = 5*f - r*f - 40. Calculate the greatest common divisor of f and 8.
4
Let n(t) = t**3 + 14*t**2 + 14*t + 16. Let y be n(-13). Let a = 1 - -2. Calculate the greatest common factor of y and a.
3
Suppose 2*a - a = 4. Let w be (-4)/(-7)*(-14)/(-4). Suppose w*d = -0*d + 72. Calculate the greatest common divisor of d and a.
4
Let y = 104 + -62. What is the highest common factor of 21 and y?
21
Let b be (18/8)/((-9)/(-24)). What is the greatest common divisor of 18 and b?
6
Let o = 57 - 30. Let k = 74 - 43. Let c = k + -13. What is the greatest common divisor of c and o?
9
Let z = -77 + 132. Let c(y) = y + 6. Let g be c(0). Suppose 5*i + 9 + g = 0, -5*i + 18 = 3*l. What is the highest common divisor of z and l?
11
Let q = 16 - 20. Let i be (-126)/q - 21/14. Calculate the greatest common factor of 75 and i.
15
Let b = 46 - 40. What is the greatest common divisor of 30 and b?
6
Suppose 5*o - 2*r - 7 = 0, -30 = -4*o - 5*r + 2. Suppose -t + o*x = -26, -5*x - 28 - 72 = -5*t. What is the greatest common factor of 34 and t?
17
Let k = 10 + -3. Suppose k*n = 2*n + 50. Calculate the greatest common divisor of 10 and n.
10
Let c be (16*40)/(-4)*3/(-4). Calculate the greatest common divisor of c and 15.
15
Suppose -48 = -3*y - 3*x - 12, 5*x + 66 = 4*y. Calculate the highest common factor of 35 and y.
7
Let r = 493 + -313. Suppose 0 = -3*p - p + r. Let o = -2 - -7. Calculate the highest common divisor of p and o.
5
Let t(z) = 16*z**2 + z - 7. Let u be t(-3). Suppose 0*j - m - 42 = -j, 3*j = -m + u. What is the greatest common factor of 11 and j?
11
Suppose -3 - 1 = -4*z. Let i be -2 + (28*1 - z). Suppose -4*n = -n + 4*g - 19, 4*n = -g + 21. Calculate the greatest common factor of n and i.
5
Let y = -308 - -468. Suppose 0 = -4*t + 177 - 97. Calculate the greatest common divisor of y and t.
20
Let t(c) = -c**2 + 10*c - 3. Let k be t(7). What is the greatest common factor of 72 and k?
18
Suppose -4*p + 42 + 127 = -5*g, -2*p - 5*g = -47. Let s(d) = d**3 - d**2 + 12. Let r be s(0). What is the greatest common factor of p and r?
12
Let l(r) = -r**2 + 11. Let p be l(0). What is the highest common divisor of 99 and p?
11
Suppose 0*v = 2*v - 18. Let g(s) = 3*s**2 - s - 3. Let p be g(-3). What is the greatest common factor of p and v?
9
Let c(x) = 6*x - 2. Let o be c(3). What is the greatest common factor of o and 48?
16
Suppose -3*t - z = 14, 3*z - 19 = 5*t + 23. Let x = t - -8. Suppose -a - x*a + 78 = 0. Calculate the highest common divisor of 13 and a.
13
Suppose 5*r - 3 = 7. Suppose -4*i + 109 = -t, 0 = 3*i + r*t - 7*t - 86. Calculate the highest common factor of 9 and i.
9
Suppose -3*j + 28 = 5*z, -3*z + 15 = -5*j - 29. Let x be (-6)/z*(-10 + -2). Calculate the highest common divisor of x and 9.
9
Let q be 13 - (4 - 1)/3. Suppose 4*p = -4*k - 0*k + 24, -4*k = 3*p - 18. What is the greatest common divisor of q and p?
6
Let a(j) = 17*j - 3. Let t(l) = 11*l - 2. Let v(s) = 5*a(s) - 8*t(s). Let m be v(-2). What is the greatest common divisor of m and 49?
7
Let a be (0 + -4)/((-3)/9). Let c(j) = j**2 + 7*j + 9. Let r be c(-6). What is the highest common factor of r and a?
3
Let d be (22 - 4)*(3 - 2). Let u = -41 - -77. Calculate the highest common factor of d and u.
18
Let x(a) = -a**2 - 7*a - 6. Let c be x(-4). Let w be 15/((-2 - -4)/c). Suppose 0 = -5*b + 17 + 8. Calculate the greatest common factor of b and w.
5
Suppose 2*x - 3*d - 31 = -6*d, -5*x = 5*d - 70. Suppose -5*b + b = -4. Calculate the highest common divisor of x and b.
1
Let t = 3 + 2. Suppose 0 = -t*x + 2*x + 45. Let l be (-16)/(-5)*x/2. What is the highest common factor of l and 36?
12
Let z(i) = -i + 29. Let x be z(-19). What is the greatest common divisor of 6 and x?
6
Let j = 43 + 66. Let y = j - 163. Let s be 12/y + 706/18. What is the highest common factor of s and 26?
13
Let w(x) = x + 4. Let y be w(7). Calculate the highest common factor of y and 88.
11
Let c be (-1)/((-3)/3)*2. Let m(l) = 41*l**2 - 3*l + 2. Let s be m(c). Calculate the highest common factor of s and 20.
20
Suppose 2*s + 0 = 2. Let z(y) = 30*y**2 + 2*y - 2. Let u be z(s). Let q = 11 - 1. What is the greatest common factor of u and q?
10
Let v(b) = b**2 - 2*b - 16. Let c be v(-8). What is the greatest common factor of 8 and c?
8
Let c(x) = -x**3 + 14*x**2 + 2*x - 2. Let g be c(14). What is the greatest common factor of 26 and g?
26
Let r(i) = -i**2 - 7*i - 2. Let j be r(-6). Suppose j*l + 0*l = 12. Let x be (9/l + -2)*26. Calculate the highest common factor of 65 and x.
13
Let v be 15/8 + (-7)/(-56). Calculate the highest common factor of v and 14.
2
Let z(r) = -21*r - 19. Let v be z(-3). What is the greatest common divisor of v and 22?
22
Let b(s) = -s**2 + 6*s - 3. Let w be b(3). What is the highest common divisor of 4 and w?
2
Let j(x) = x**2 + x - 13. Suppose 4*d = -9 - 31. Let f be j(d). Let n(r) = r**2 + 3*r - 3. Let v be n(-5). Calculate the highest common factor of v and f.
7
Suppose t - 29 = 7. Suppose -s - t = -4*s. Let w = -5 + 9. Calculate the greatest common divisor of w and s.
4
Suppose -z + 36 = h, 5*z - 3*z + 159 = 5*h. Calculate the highest common factor of 66 and h.
33
Suppose 4*n - 1687 = -659. Let h = n - 113. What is the highest common divisor of 16 and h?
16
Suppose 3*o - 5*s = 148, 5*o - 35 - 193 = -s. Let n be (10/30)/(2/690). What is the greatest common divisor of n and o?
23
Let n(x) = 6*x - 2. Let a be n(3). Suppose 4*b - 12 + 56 = -4*m, 2*m - 5 = b. Let w be (-3)/b + 357/9. What is the greatest common divisor of a and w?
8
Let i be (1 - 0)*4/4. Let x be 1/(i/204 + 0). Let w be 5*(2 + x/15). Calculate the greatest common factor of w and 13.
13
Let f be -4 + -2*297/(-6). Calculate the highest common divisor of 38 and f.
19
Let p be 10 - 12 - (-21 + -1). What is the greatest common factor of 60 and p?
20
Let v(m) = -m**3 - 3*m**2 + m + 1. Let g be v(-4). Let w = 4 + g. What is the greatest common factor of 153 and w?
17
Let p(q) = q**3 - 6*q**2 - 10*q. Let w be p(9). Let b be 2/3 + (-49)/(-3). Calculate the greatest common factor of b and w.
17
Suppose 4*w = 2*w + 14. Let r be (147/3*1)/1. Calculate the highest common factor of w and r.
7
Let f = 201 + -131. Let j = f - -20. What is the greatest common divisor of j and 10?
10
Let f be (-76)/(-14) - (-6)/(-14). Suppose 60 = -v + f*v. What is the greatest common factor of 165 and v?
15
Suppose 35 = 9*s - 4*s. What is the greatest common factor of 21 and s?
7
Suppose 3*j + 2 = 3*q - 4, -2*j = -4*q + 6. Calculate the highest common factor of q and 2.
1
Suppose q = -5*r - 2 + 5, 5*q - 3*r + 13 = 0. Let x(p) = 4*p**2 + p. Let b be x(q). Suppose -2*s + 4*s = 14. What is the highest common factor of b and s?
7
Let p = 37 - 25. Let c be 381/p + (-2)/(-8). Calculate the greatest common factor of c and 80.
16
Suppose 3*x + 240 = 7*x. Suppose 4*c - x = -c. Calculate the greatest common factor of 8 and c.
4
Let i(c) = 14*c**2 + c + 3. Let a be i(-2). Calculate the highest common factor of a and 19.
19
Suppose 0*d + 3*d = 0. Let b = d - -3. What is the greatest common divisor of b and 15?
3
Let h be 6/3 + (-2)/1. Suppose 2*u - 3*q = -h*u - 11, q + 1 = 3*u. What is the highest common factor of u and 16?
2
Suppose -2*f + 5*b - 8 = 0, 5*f - 3*b + b = 22. Suppose 0 = 2*t - 4*t + 8. What is the highest common divisor of f and t?
2
Let v(j) = j + 9. Let h be v(-8). Let q be 4 + -4 - (-6)/h. Calculate the greatest common factor of q and 30.
6
Let n = -655 + 341. Let q = -143 - n. Suppose -5*k = -2*k - 57. What is the highest common divisor of q and k?
19
Suppose -5*f - 15 = 0, -46 + 9 = -2*d + 3*f. Let n be -2 - (2 + -1 + -119). Let r = n + 10. Calculate the highest common divisor of r and d.
14
Let y(o) = 2*o**2 + 7*o + 5. Let g be y(7). Calculate the highest common factor of 19 and g.
19
Suppose 367 = 3*w - 5*w - 3*u, -u - 1 = 0. Let t = 260 + w. Let z = -29 + t. Calculate the highest common divisor of 7 and z.
7
Suppose 20*t - 23*t + 42 